{"id":768,"date":"2022-12-26T11:31:08","date_gmt":"2022-12-26T11:31:08","guid":{"rendered":"https:\/\/denardidesign.com.br\/site\/?post_type=product&#038;p=768"},"modified":"2023-08-29T22:01:15","modified_gmt":"2023-08-29T22:01:15","slug":"007-criatividade-clientes","status":"publish","type":"product","link":"https:\/\/denardidesign.com.br\/site\/?product=007-criatividade-clientes","title":{"rendered":"Rel\u00f3gio R\u00fastico"},"content":{"rendered":"<p>Se voc\u00ea procura uma pe\u00e7a \u00fanica e r\u00fastica para decorar seu ambiente com um toque especial\u00a0 veio ao lugar certo.<\/p>\n<p>Realizamos pe\u00e7as em ferro artesanal feitas a m\u00e3o com acabamento exclusivo.<\/p>\n<p>Sob encomenda<\/p>\n<p>Retirada no at\u00ealie em Bairro de F\u00e1tima Serra ES<\/p>\n<p>&nbsp;<\/p>\n<p>&nbsp;<\/p>\n<p>&nbsp;<\/p>\n<p>&nbsp;<\/p>\n","protected":false},"excerpt":{"rendered":"<p>Se voc\u00ea procura uma pe\u00e7a \u00fanica e r\u00fastica para decorar seu ambiente com um toque especial\u00a0 veio ao lugar certo.<\/p>\n<p>Realizamos pe\u00e7as em ferro artesanal feitas a m\u00e3o com acabamento exclusivo.<\/p>\n<p>Sob encomenda<\/p>\n<p>Realizamos projetos fa\u00e7a uma consulta<\/p>\n<p>Retirada no at\u00ealie em Bairro de F\u00e1tima Serra ES<\/p>\n<p>&nbsp;<\/p>\n<p>&nbsp;<\/p>\n<p>&nbsp;<\/p>\n<p>&nbsp;<\/p>\n","protected":false},"featured_media":575,"comment_status":"open","ping_status":"closed","template":"","meta":{"site-sidebar-layout":"default","site-content-layout":"default","ast-global-header-display":"","ast-main-header-display":"","ast-hfb-above-header-display":"","ast-hfb-below-header-display":"","ast-hfb-mobile-header-display":"","site-post-title":"","ast-breadcrumbs-content":"","ast-featured-img":"","footer-sml-layout":"","theme-transparent-header-meta":"default","adv-header-id-meta":"","stick-header-meta":"","header-above-stick-meta":"","header-main-stick-meta":"","header-below-stick-meta":""},"product_cat":[22,24],"product_tag":[],"class_list":{"0":"post-768","1":"product","2":"type-product","3":"status-publish","4":"has-post-thumbnail","6":"product_cat-pecas-de-decoracao-clientes","7":"product_cat-pecas-exclusivas-artesao","8":"desktop-align-left","9":"tablet-align-left","10":"mobile-align-left","12":"first","13":"instock","14":"shipping-taxable","15":"product-type-simple"},"_links":{"self":[{"href":"https:\/\/denardidesign.com.br\/site\/index.php?rest_route=\/wp\/v2\/product\/768","targetHints":{"allow":["GET"]}}],"collection":[{"href":"https:\/\/denardidesign.com.br\/site\/index.php?rest_route=\/wp\/v2\/product"}],"about":[{"href":"https:\/\/denardidesign.com.br\/site\/index.php?rest_route=\/wp\/v2\/types\/product"}],"replies":[{"embeddable":true,"href":"https:\/\/denardidesign.com.br\/site\/index.php?rest_route=%2Fwp%2Fv2%2Fcomments&post=768"}],"wp:featuredmedia":[{"embeddable":true,"href":"https:\/\/denardidesign.com.br\/site\/index.php?rest_route=\/wp\/v2\/media\/575"}],"wp:attachment":[{"href":"https:\/\/denardidesign.com.br\/site\/index.php?rest_route=%2Fwp%2Fv2%2Fmedia&parent=768"}],"wp:term":[{"taxonomy":"product_cat","embeddable":true,"href":"https:\/\/denardidesign.com.br\/site\/index.php?rest_route=%2Fwp%2Fv2%2Fproduct_cat&post=768"},{"taxonomy":"product_tag","embeddable":true,"href":"https:\/\/denardidesign.com.br\/site\/index.php?rest_route=%2Fwp%2Fv2%2Fproduct_tag&post=768"}],"curies":[{"name":"wp","href":"https:\/\/api.w.org\/{rel}","templated":true}]}}